(-26 + -37 - (2 - 8)) + 93 + -109.
-73
What is 53 - (16 - (0 + 12 + 306 + -322))?
33
What is 10 - (-80 + (20 - (39 - 15)) - 5)?
99
(-1 + 1 - -15 - 10) + (-45 - -4)
-36
Evaluate 3 + -11 - ((-87 - 2) + (4 + 43 - 48)).
82
What is 5 + 1 + -40 - (-194 + 174)?
-14
Calculate -38 + (-10 + 2 - (-46 - -36) - (-9 - -10)).
-37
What is the value of 86 + 1 + -66 + (19 - (0 + -31))?
71
Calculate (741 - 703 - (1 + 36)) + -18.
-17
-23 + 0 + (1967 - 1923)
21
Evaluate (3 - 2 - -8) + (10 + 38 - 44).
13
What is the value of 18 - (10 + (-13 + 18 - 12) + 1)?
14
What is 86 + -1 + 11702 + -11809?
-22
Calculate -6 + 3 + -3 + 706 + -695 + -82.
-77
What is (-1448 - -1320) + -8 + 156?
20
What is the value of (-73 - -19) + 81 + -12?
15
Calculate 29 + -6 + -13 - (-26 + 3 + -3).
36
Calculate -5 - (-5 - (57 - 28)).
29
11 + (7 - (-14 - -14 - 13)) + -12
19
What is the value of 0 + -20 + -37 + 85?
28
Calculate 14 + 65 + -67 + (-5 - -4) + -8.
3
(11 - 21) + 5 + (4 + (-3 - -7) - -53)
56
Calculate 5 + 93 + -38 + 17.
77
76 - (100 + -48 - 50)
74
What is -42 + 34 + ((-3 - 34) + 15 - -2)?
-28
What is -24 + 14 + 16 + -23 - (19 + 101)?
-137
Evaluate 32 - 47 - (-47 - (-7 - (-2 + -11))).
38
What is (8 - 18 - (31 - 50)) + -47?
-38
What is the value of (-14 - -16) + (2 - 11) + -58 - (6 - -1)?
-72
Evaluate -19 + 2 + -38 + -107 + 102.
-60
Evaluate 22 + -51 - -52 - (5 - -29).
-11
Evaluate -18 + 14 - -34 - (7 - (-2 - 3)).
18
Evaluate -40 - 1 - ((5 - (-11 + 28 + -12)) + -1).
-40
What is the value of 16 + (16 - 15) - (10 - -100)?
-93
What is the value of 22 + 56 - 75 - 42?
-39
What is the value of -9 + 74 - (1031 - 969)?
3
Calculate 1 + -1 + 19 + (-148 - (-14 - 155)).
40
What is (-3 - 5) + -12 + -16 + 19 + 3?
-14
Calculate -6 + -48 + 62 - (2 - -35).
-29
What is -81 + 91 - (-3 - (-95 - -9))?
-73
Calculate -15 + 3 - ((-5 - (-2 - 17)) + -17).
-9
What is the value of (61 - (100 - 58)) + (-3 - 76)?
-60
Calculate 5 + -38 + (563 - 508) - (107 - 0).
-85
What is the value of 60 + (-8 - (30 + -58)) - 16?
64
What is -70 + (-14 - (-29 + 47)) + 14 + 5?
-83
Evaluate 167 + -285 + 5 + 117.
4
Evaluate -90 - (27 - 1 - (1127 + -1085)).
-74
Evaluate (9 - -5) + -94 + 38 + 33.
-9
Evaluate -13 + (-19 - 28) + 32 + 23.
-5
-1 + 6 + 3 - (4 + 16 - 29)
17
What is the value of (61 - 20) + -3 + 1 + -13 + 7 - -4?
37
What is (-13 - (-15 - -6)) + (-10 - -20) + 32?
38
Calculate 10 + (-8 - -28 - 15) - 67 - (-11 + 3).
-44
-65 + (61 - 31) + 16
-19
Calculate -3 - (-2 - -1) - (-134 - (-19 + 6)).
119
Calculate -78 - (-2 + 16 + -2 + 6 + -8) - 8.
-96
What is -5 - (78 - 5) - 36?
-114
What is the value of 72 - ((-63 - -325) + -112)?
-78
Calculate -14 + (77 + -14 - -13) - (10 - -1).
51
Calculate 29 - ((-11 - -8 - (-4 + -3)) + 4) - 1.
20
Calculate -16 - -1 - (-99 + 47 + 78).
-41
57 - (-9 + 18 - (-8 - (5 - (-11 + 23))))
47
What is 35 + (-63 + -58 + 130 - (13 + 1))?
30
Calculate (56 - 56) + 42 - 27.
15
-10 + 27 + -21 + (1 - 1) - (6 - 35)
25
What is 19 + 4 + 0 + -29 + 3?
-3
Evaluate -9 + 62 + (163 - 142) + 28 + -3.
99
What is -4 + (-4 - -1) - (1499 - 1497)?
-9
What is -4709 - -4647 - (20 + -1 + -4 + -3)?
-74
What is the value of 10 + 21 + 19 + -14 + 5?
41
(10 - 0) + (-2 - -37) + (-987 - -948)
6
(-1 - (1 + -33)) + (-200 - -201)
32
Evaluate (-3 - 18) + (51 - 17) + -10 + (107 - 0).
110
What is 32 - (17 + 19) - ((-5 - (1 - 5)) + -60)?
57
Evaluate (-43 - (31 - 20)) + 44 + (1 - -80).
71
What is the value of 26 + (66 + -144 - (13 + -43))?
-22
Evaluate 107 + 101 + -14 + -91.
103
-22 - 0 - ((-182 - -124) + -11)
47
What is the value of 3 + 1 - (-172 + 180) - (-44 - (2 + -6))?
36
-27 + -95 + 33 + 16
-73
Evaluate (-15 - 4) + (0 - 44 - (776 - 777)).
-62
What is the value of 163 + (112 - 236) + (-32 - 1)?
6
Calculate 128 + (-7 - (-3 - 1)) + (18 + -53 - -22).
112
-6 - -30 - (6 + (167 - 24) + -18)
-107
54 + -75 - (-68 + 75)
-28
32 + -24 + -19 + (-3 - 4 - (-2 - -5))
-21
What is the value of -212 + 188 + 3 + 13 + -46?
-54
Evaluate -17 + -48 + 57 - (2 - 7).
-3
-44 - (-28 + (-6 - -39))
-49
(-19 - -14) + (0 - -14) + -3
6
What is the value of -169 + 83 + -19 + 162?
57
Calculate 126 + -92 + -43 + 53 + -1.
43
Evaluate (-60 - -7 - -24) + (-8 - 2).
-39
Calculate (-7 - 12 - 5) + (-11 - -4) + -6.
-37
What is -58 - (-15 - (79 - 118))?
-82
What is the value of -394 + 408 + -4 + 2 + -2 + 1?
11
What is the value of (-2 - (23 - (4 + -2))) + -806 + 819?
-10
What is 41 - (-1 - 9 - (338 - 340))?
49
What is -1 + (26 - (-29 - -9 - 11))?
56
Evaluate (-20 - -1) + (63 - (-13 + 16)).
41
Calculate -16 - (23 - 1 - (-217 - -229) - 9).
-17
What is -33 + -5 + (11 - 2) + 2 - -14?
-13
Calculate (-88 + 50 - -128) + -47.
43
What is 11 - (-1 + 3) - (-16 - -72 - (49 + -5))?
-3
-9 - (39 + -44 - (9 + -4 + (-1 - -1)))
1
Evaluate (9 - -1 - -1 - 0) + -97 + 15.
-71
Calculate -22 - (-183 + 212 - (0 - -20)).
-31
What is (13 - -22) + -10 + -5?
20
What is the value of 17 - (6 - (-94 + 44))?
-39
What is 88 + 65 + (72 - 128)?
97
What is the value of -13 - (-27 + -10) - 32 - -29?
21
Evaluate 130 - (-13 - -51) - 66.
26
Calculate -313 - -306 - (17 - -2).
-26
What is (-253 + 10 - -235) + 0 + -2 + -1 + 30?
19
((-15 - -33) + -34 - (44 - -12)) + -10
-82
19 + 3 + (10 - 22) - (-5 - 1)
16
Evaluate 5 + -14 + 9 + 12 + -9 - -7 - -19.
29
What is the value of (-43 - (-61 - 5)) + -4?
19
What is the value of 57 - (-37 - -79) - 64?
-49
What is the value of -34 + 53 + -29 + 1 + 1 + 85 + -11?
66
Calculate 7 - 7 - -8 - (5 - -21).
-18
-2 + -64 + (28 - -16) - -13
-9
What is the value of -3 + -1 + (-9 - -6) + (211 - 121)?
83
Evaluate 38 + (4 - (-17 + 18)).
41
Evaluate -2 + 2 + 0 + (-3964 - -4011).
47
83 - (39 - (-134 - -90))
0
Evaluate -26 + (-42 - (-31 + 7)).
-44
What is the value of (79 - -70 - 229) + -21?
-101
Calculate (-2 - -1 - (-311 + 298)) + -4 + -12.
-4
(7 - -24) + 126 + -159
-2
Calculate (-1 - 12) + (638 - 623) + -39.
-37
What is the value of (0 - 9) + (244 - 252 - (-12 - -2))?
-7
What is 16 - (2 + -1) - (32 - 9 - 10) - 125?
-123
What is 2 + -9 + 10 + (-1 - 11) - 42 - 3?
-54
Evaluate 81 + 47 + (-186 - -4).
-54
Calculate (-10 - -5) + 4 - (13 - (21 + -8) - -8).
-9
Calculate -68 + 64 + 60 - -54.
110
What is 3 - (33 + (-31 - (-73 + 32)))?
-40
-11 - ((12 + -6 - 18) + (-60 - -56))
5
Calculate 7 - (-26 + -4) - (8 + 0 + 14 + -28).
43
Evaluate 35 - (88 + (-5 - -43) + -19).
-72
((73 - 58) + -6 - (-4 - 2)) + (7 - -10)
32
What is the value of 2 + -5 + 25 + -62 + (-5 - -29)?
-16
-2 + (-9 + 13 - 10 - (-25 + -2))
19
-65 - (-21 + (41 + -15 - 4) + -20)
-46
Evaluate 7 - ((-56 - 2) + 0 - (-726 - -716)).
55
Evaluate 0 - 126 - (-6812 - -6728).
-42
Evaluate -15 - (-86 + 54 - -61).
-44
Calculate -16 - ((-4 - 7) + -2) - 0 - (0 - -31).
-34
Calculate (30 - 7) + 45 + (-91 - -42).
19
Evaluate (-14 - -11) + 12 + (10 + -9 - (8 - 7)).
9
What is the value of -11 - 15 - (-3 - -10 - -15)?
-48
Evaluate 1 + 65 + (-191 - (-127 - 32)).
34
Calculate 0 + 160 + (28 - ((1 - -34) + (65 - 66))).
154
What is the value of 11 - ((10 - -9 - 14) + 0)?
6
What is -2 - (2 - -82) - (-134 - -108)?
-60
Evaluate 0 - (-88 - (-95 - -60)).
53
Calculate -13 + 1 + (-27 - (17 + 4 + -27)).
-33
(-1 - (1 + -2 + 3)) + (333 - 307)
23
Evaluate 121 - 129 - 79 - -113.
26
(13 - (5 + 3 - 1 - (5 - 10))) + 11
12
Evaluate 57 + (50 + -8 - 68) - 125.
-94
What is the value of -235 - -280 - ((5 - 5) + 1 + 6)?
38
What is 2 + -2 - (6 + 20 + -66 + 27)?
13
-2 + -13 + -19 - -2
-32
Evaluate 21 - (-15 + (2 + -18 + 37 - 16)).
31
(3 - -8) + (7 - 45) + 38 + (1 - -8)
20
69 + (28 - (5 + 54))
38
Evaluate -20 + 34 - (78 - (1 - (-3 + 1))).
-61
What is the value of -22 + (-15 - -34) + -13 - -15 - 2?
-3
What is the value of -17 + (-5 - -122) + 0 + (13 - 29)?
84
What is the value of 0 + 15 + -3 + -4 + -1 + (-85 - -5)?
-73
3 - (18 - (11 - (-1 - (0 + 1))))
-2
-2 + -21 - ((14 - 12 - (-3 + 8)) + 4)
-24
What is 262 + -200 + 0 + -34 + 35?
63
Calculate 149 - -92 - 298 - (0 + (0 - 0) + -12).
-45
59 + (-16 - -35) - 10
68
What is the value of (127 - (138 + 3)) + 123?
109
What is -11 - (-40 + 17 - (-53 + -2))?
-43
Calculate 7 - (-7 + 7) - -30 - 18.
19
Calculate 12 - (0 + 3 + -5 - (-4 - -51 - 60)).
1
Evaluate -7 + (8 - (10 + -6) - 14 - -10 - 7).
-14
Calculate 0 + 65 + -482 + 352.
-65
Calculate (-28 + -28 + 42 - (-1 + -1)) + (-2 - 116).
-130
What is the value of -1 - 77 - (33 - 154)?
43
Calculate (518 - 515) + 1 + 1 + -2 + -7.
